pose -92 = -3*c - c. Calculate the remainder when c is divided by 12.
11
Let g(b) = b**3 + 8*b**2 + 4*b + 9. Calculate the remainder when g(-7) is divided by 16.
14
Suppose -5*c = -27 + 7. Calculate the remainder when ((-5)/(-10))/(3/42) is divided by c.
3
Let x be (28/(-10))/((-17)/85). Suppose 28 = 2*d - x. What is the remainder when d is divided by 8?
5
Suppose 3*u - 4*u = 0. Suppose -3*y = -q - 3 + 2, 2*q + 4*y - 8 = 0. What is the remainder when u/(2/(-2)) + 3 is divided by q?
1
Let m(n) = 18*n**2 + 2. Suppose -3*f + 113 = 5*v, 6*f = -v + f + 5. What is the remainder when m(-2) is divided by v?
24
Suppose 0 = -2*q, -1 + 29 = 2*i + 3*q. Suppose 2*h = -2 + i. Let j = -5 + 15. Calculate the remainder when j is divided by h.
4
Let t = -15 - -27. Calculate the remainder when t is divided by 7.
5
Let v = 7 - 4. Suppose -v*p = -3*u + 3, -2*u + 21 = u + 3*p. What is the remainder when (5 + 2 - -1) + -1 is divided by u?
3
Let f = 118 - 63. Suppose t + 4*t = f. What is the remainder when 31 is divided by t?
9
Let n(g) = -8*g + 6. Let h be n(-3). Suppose -h = -2*v - 4. What is the remainder when v is divided by 7?
6
Suppose 8 = -2*w - 12. What is the remainder when ((-12)/w)/(3/80) is divided by 11?
10
Let p(f) = f**3 + f**2 - 2. Let j be p(0). Calculate the remainder when 11 is divided by (6/(-4))/(1/j).
2
Let h(q) = -2*q**2 - 8*q + 2. Let i be h(-6). Let k(f) = -f**2 + 3*f + 7. Let o be k(6). Let c = o - i. What is the remainder when 20 is divided by c?
9
Suppose 3*f - 27 = -f + 3*a, 3*f = -5*a - 16. Suppose -6 = -f*p + 87. Let y(k) = 3*k - 1. What is the remainder when p is divided by y(4)?
9
Let j(z) = -z**3 - 3*z**2 + 3*z - 1. What is the remainder when 16 is divided by j(-4)?
1
Let c = 122 + -69. Let w = c + -35. What is the remainder when 53 is divided by w?
17
Suppose -k - 78 = -2*k. Let y = -56 + k. What is the remainder when y is divided by 8?
6
Let r(d) = -2 + 10*d + 7*d - d. Calculate the remainder when 59 is divided by r(2).
29
Let t = -42 + 24. What is the remainder when 25 is divided by (-1 + 0)/(2/t)?
7
Let g(o) = o**2 + 5*o + 1. Calculate the remainder when 26 + (2 - 3)*-2 is divided by g(-7).
13
Suppose 0 = -5*v, 0 = 2*y + 5*v - 0*v - 28. What is the remainder when -2 + 45*1 + -2 is divided by y?
13
Suppose 5*c = -15, 5*c = -2*i + 14 + 53. Calculate the remainder when 121 is divided by i.
39
Suppose -h = -0*o + 3*o, -3*h - 2*o = -7. Let a(k) be the third derivative of k**4/12 - 2*k**3/3 - 2*k**2. Calculate the remainder when a(h) is divided by 2.
0
Suppose 0*l - 3*l - 33 = -3*x, 0 = 4*x - 5*l - 41. Let s = 97 - 17. Suppose 120 = 3*w + 2*b, 0*b + s = 2*w - b. Calculate the remainder when w is divided by x.
12
Let z = 110 + -99. What is the remainder when 19 is divided by z?
8
Suppose 21 = -5*b + 1, f - 19 = 4*b. Let l = 10 - 5. What is the remainder when l is divided by f?
2
Let l(v) = -v**3 + 9*v**2 + 12*v - 7. Calculate the remainder when 64 is divided by l(10).
12
Let p(i) = -i**2 - 2*i + 12. What is the remainder when p(0) is divided by 7?
5
Let j = 24 - -29. What is the remainder when j is divided by 8?
5
Suppose -4*f + 137 = -5*n, 10 = 4*f + 3*n - 87. Calculate the remainder when f is divided by 15.
13
Suppose 0*m - 24 = -2*m. Calculate the remainder when 45 is divided by m.
9
Suppose u - 18 = 5*o, 21 - 7 = -5*o + 3*u. What is the remainder when 9 is divided by o/(-6) + (-26)/(-6)?
4
Suppose 3*a - 2*a + 12 = 0. Calculate the remainder when a/14*(-42)/3 is divided by 7.
5
Suppose -98 = -5*c + 47. Let a(d) = d**3 - 5*d**2 + d + 5. Suppose -2 = -z - 5*j + 18, -5*z + 37 = 4*j. What is the remainder when c is divided by a(z)?
9
Let c = 3 + 48. Calculate the remainder when c is divided by -4*(-12)/(-32) - (-58)/4.
12
Let m = -1 + 2. Let z = 17 - -10. What is the remainder when z is divided by 7*(3 - m)/1?
13
Suppose 5 = -n - 2. Let w(z) = -z**2. Let p(l) = l**3 + 12*l**2 - 7*l - 5. Let m(i) = -p(i) - 6*w(i). What is the remainder when 9 is divided by m(n)?
4
Let n(l) = l**2 + l + 3. Let s(q) = -3*q**2 - 2*q - 6. Let t(a) = -5*n(a) - 2*s(a). Calculate the remainder when t(-3) is divided by 5.
4
Suppose -16 = -2*x + 4*c, 7 = -4*x - 10*c + 5*c. Calculate the remainder when x is divided by 2.
0
Let q be -1 - 0 - -3 - 2. Suppose q*l - 4*l + 72 = 0. Suppose 2*u - 4 + 2 = 4*n, 0 = 3*u + n - 24. Calculate the remainder when l is divided by u.
4
Suppose -2*y + 55 = -5*d, -5*d = 2*y - y + 10. Let v be (1 - -24) + 6 + -4. What is the remainder when v*1 + -1 + 3 is divided by y?
14
Suppose 5*a + 11 = -f, -3*a + 41 = 4*f - 0*a. Calculate the remainder when 21 is divided by (-1 - (-3 + 4)) + f.
9
Suppose 0 = -i - 4*w, 3*w = -3*i + 19 - 1. What is the remainder when 23 is divided by i?
7
What is the remainder when (36/(-7))/((-5)/35) is divided by 19?
17
Suppose 0 = 4*y - 3 - 5. Suppose y*a - 5 = 1. What is the remainder when a is divided by 2?
1
Suppose -2*w = -i + 2*w + 224, w = 4*i - 851. Calculate the remainder when i is divided by 54.
50
Suppose -l + 125 = -5*p + 2*l, 25 = -p + 3*l. Let c = p - -99. Calculate the remainder when c is divided by 19.
17
Let j be 4/6 - (-484)/12. Suppose -23 = -4*f + j. What is the remainder when 62 is divided by f?
14
Let p(h) = h**3 - 7*h**2 + 6*h + 4. Let q(f) = f - 3. Let r be q(-5). Let i = 24 + r. Calculate the remainder when p(7) is divided by i.
14
Let a(r) = 3*r**2 - 2*r + 2. Suppose -13 = -5*s - 523. What is the remainder when a(3) is divided by s/(-9) + (-4)/(-6)?
11
Suppose -2*k + 4*k = -5*d - 6, -2*d - 22 = -2*k. What is the remainder when 26 is divided by k?
5
Let d = 159 + -72. What is the remainder when d is divided by 18?
15
Let n(m) = m + 5. Let y be n(-4). Suppose -5*j + 10 = 0, -13 = 5*x - 2*j - 2*j. What is the remainder when 19 is divided by (x - y)*-1*5?
9
Suppose 2*f - 4*f = q - 2, 4*f - 2*q = 12. Suppose f*b = k - 8, 0*b + 2*b = 2*k - 8. Calculate the remainder when 16 is divided by k - 8/(-2) - -2.
4
Suppose 34 = -5*x + 124. What is the remainder when x is divided by 7?
4
What is the remainder when 22 is divided by 10/(-3)*180/(-75)?
6
Suppose -5*r - 14 - 1 = 0, -2*p + 2*r + 32 = 0. Calculate the remainder when p is divided by 8.
5
Suppose 5*d = d + 4*k + 280, -4*d - k = -255. Let c = 133 - d. What is the remainder when c is divided by 23?
22
Let o = -90 - -149. Suppose 0*z - 5*z = -105. Suppose z - o = -2*p. What is the remainder when p is divided by 10?
9
Suppose 3*s + p - 62 = 2*s, 5*p = 20. Calculate the remainder when s is divided by 20.
18
Let h = -3 - -3. Let p(k) = -2*k + 3. Let u be p(7). Let z = h - u. What is the remainder when 21 is divided by z?
10
Let z be ((-1)/(-2))/(1/20). Let c(i) = -8*i. What is the remainder when (28/z)/(2/10) is divided by c(-1)?
6
Let a be 12/(6 - 3) + -1. Suppose -4*v + 50 = -4*j + 6, a*j - 47 = -5*v. Calculate the remainder when 19 is divided by v.
9
Suppose 0 = -5*m + 125 + 20. Calculate the remainder when 55 is divided by m.
26
Let x = -4 - -13. Calculate the remainder when 16 is divided by x.
7
Suppose 2*z - 2*o = 10, -2*o + 14 = z + z. Let h be (12/(-8))/(1/(-10)). Suppose z*m = m + h. What is the remainder when 7 is divided by m?
1
Suppose -24 = -7*l + 25. What is the remainder when 40 is divided by l?
5
Let t = 18 - 3. What is the remainder when 26 is divided by t?
11
Let o = -7 + 4. Let d = 3 - o. Suppose b = d*b - 20. What is the remainder when 10 is divided by b?
2
Let o(j) = -j**3 - 4*j**2 + 2*j - 7. Let w = -2 - -10. Suppose 7 + w = 5*c. Calculate the remainder when o(-5) is divided by c.
2
Let l = 26 - 11. What is the remainder when l is divided by 9?
6
Suppose -7 = 2*j - 13. Calculate the remainder when 10 is divided by j.
1
Calculate the remainder when 4 - (-8)/(-4) - -19 is divided by 11.
10
Suppose -14*k + 717 - 115 = 0. Calculate the remainder when k is divided by 11.
10
Suppose 21 = 3*g - 30. Let r(v) = -v**3 - 4*v**2 - v - 1. Let k be r(-3). Calculate the remainder when (-4)/(-10)*(132 + k) is divided by g.
16
Let x(u) = 40*u**3 - u**2 + 2*u - 1. Calculate the remainder when x(1) is divided by (1 - 1)*1 - -14.
12
Let j(g) = g**2 - g + 10. What is the remainder when 79 is divided by j(5)?
19
Let s be (0 + 0)*(-3)/(-6). Suppose s*f + 28 = f. Calculate the remainder when f is divided by 10.
8
Let g(w) = -w**2 + 3*w - 1. Let r 